{"id":56,"date":"2022-11-14T16:29:33","date_gmt":"2022-11-14T15:29:33","guid":{"rendered":"https:\/\/www.gh-ortner.com\/gasthaus\/?page_id=56"},"modified":"2026-01-07T12:05:14","modified_gmt":"2026-01-07T12:05:14","slug":"gasthaus","status":"publish","type":"page","link":"https:\/\/www.gh-ortner.com\/","title":{"rendered":"Gasthaus"},"content":{"rendered":"\n<h1 class=\"wp-block-heading\">Liebe G\u00e4ste!<\/h1>\n\n\n\n<p><\/p>\n\n\n\n<p><strong>Unsere R\u00e4umlichkeiten mit Garten k\u00f6nnen Sie nun f\u00fcr private Feiern, Vereinsveranstaltungen, Seminare oder Workshops mieten.<\/strong><\/p>\n\n\n\n<p><strong>Des Weiteren ist es m\u00f6glich, Geschirr, Besteck, Tischw\u00e4sche und Catering-Equipment von uns auszuleihen.<\/strong><\/p>\n\n\n\n<p>Wir freuen uns, Sie auch k\u00fcnftig zu besonderen Anl\u00e4ssen bei uns begr\u00fc\u00dfen zu d\u00fcrfen.<\/p>\n\n\n\n<p>Herzlichst<\/p>\n\n\n\n<p>Ihre Familie Ortner<\/p>\n\n\n\n<p><strong>Kontakt f\u00fcr Anfragen: <\/strong><\/p>\n\n\n\n<p><strong>Andreas Ortner 0660 766 9 333 | <a href=\"mailto:barbaraortner2@gmail.com\">Barbara Ortner<\/a> 0660 525 79 89<\/strong><\/p>\n","protected":false},"excerpt":{"rendered":"<p>Liebe G\u00e4ste! Unsere R\u00e4umlichkeiten mit Garten k\u00f6nnen Sie nun f\u00fcr private Feiern, Vereinsveranstaltungen, Seminare oder Workshops mieten. Des Weiteren ist es m\u00f6glich, Geschirr, Besteck, Tischw\u00e4sche und Catering-Equipment von uns auszuleihen. Wir freuen uns, Sie auch k\u00fcnftig zu besonderen Anl\u00e4ssen bei uns begr\u00fc\u00dfen zu d\u00fcrfen. Herzlichst Ihre Familie Ortner Kontakt f\u00fcr Anfragen: Andreas Ortner 0660 766 &hellip; <\/p>\n<p class=\"link-more\"><a href=\"https:\/\/www.gh-ortner.com\/\" class=\"more-link\"><span class=\"screen-reader-text\">\u201eGasthaus\u201c<\/span> weiterlesen<\/a><\/p>\n","protected":false},"author":1,"featured_media":0,"parent":0,"menu_order":0,"comment_status":"closed","ping_status":"closed","template":"","meta":{"footnotes":""},"class_list":["post-56","page","type-page","status-publish","hentry"],"yoast_head":"<!-- This site is optimized with the Yoast SEO plugin v26.8 - https:\/\/yoast.com\/product\/yoast-seo-wordpress\/ -->\n<title>Gasthaus - Gasthaus Ortner<\/title>\n<meta name=\"robots\" content=\"index, follow, max-snippet:-1, max-image-preview:large, max-video-preview:-1\" \/>\n<link rel=\"canonical\" href=\"https:\/\/www.gh-ortner.com\/\" \/>\n<meta property=\"og:locale\" content=\"de_DE\" \/>\n<meta property=\"og:type\" content=\"article\" \/>\n<meta property=\"og:title\" content=\"Gasthaus - Gasthaus Ortner\" \/>\n<meta property=\"og:description\" content=\"Liebe G\u00e4ste! Unsere R\u00e4umlichkeiten mit Garten k\u00f6nnen Sie nun f\u00fcr private Feiern, Vereinsveranstaltungen, Seminare oder Workshops mieten. Des Weiteren ist es m\u00f6glich, Geschirr, Besteck, Tischw\u00e4sche und Catering-Equipment von uns auszuleihen. Wir freuen uns, Sie auch k\u00fcnftig zu besonderen Anl\u00e4ssen bei uns begr\u00fc\u00dfen zu d\u00fcrfen. Herzlichst Ihre Familie Ortner Kontakt f\u00fcr Anfragen: Andreas Ortner 0660 766 &hellip; \u201eGasthaus\u201c weiterlesen\" \/>\n<meta property=\"og:url\" content=\"https:\/\/www.gh-ortner.com\/\" \/>\n<meta property=\"og:site_name\" content=\"Gasthaus Ortner\" \/>\n<meta property=\"article:modified_time\" content=\"2026-01-07T12:05:14+00:00\" \/>\n<meta name=\"twitter:card\" content=\"summary_large_image\" \/>\n<meta name=\"twitter:label1\" content=\"Gesch\u00e4tzte Lesezeit\" \/>\n\t<meta name=\"twitter:data1\" content=\"1 Minute\" \/>\n<script type=\"application\/ld+json\" class=\"yoast-schema-graph\">{\"@context\":\"https:\/\/schema.org\",\"@graph\":[{\"@type\":\"WebPage\",\"@id\":\"https:\/\/www.gh-ortner.com\/\",\"url\":\"https:\/\/www.gh-ortner.com\/\",\"name\":\"Gasthaus - Gasthaus Ortner\",\"isPartOf\":{\"@id\":\"https:\/\/www.gh-ortner.com\/#website\"},\"datePublished\":\"2022-11-14T15:29:33+00:00\",\"dateModified\":\"2026-01-07T12:05:14+00:00\",\"breadcrumb\":{\"@id\":\"https:\/\/www.gh-ortner.com\/#breadcrumb\"},\"inLanguage\":\"de-AT\",\"potentialAction\":[{\"@type\":\"ReadAction\",\"target\":[\"https:\/\/www.gh-ortner.com\/\"]}]},{\"@type\":\"BreadcrumbList\",\"@id\":\"https:\/\/www.gh-ortner.com\/#breadcrumb\",\"itemListElement\":[{\"@type\":\"ListItem\",\"position\":1,\"name\":\"Startseite\",\"item\":\"https:\/\/www.gh-ortner.com\/\"},{\"@type\":\"ListItem\",\"position\":2,\"name\":\"Gasthaus\"}]},{\"@type\":\"WebSite\",\"@id\":\"https:\/\/www.gh-ortner.com\/#website\",\"url\":\"https:\/\/www.gh-ortner.com\/\",\"name\":\"Gasthaus Ortner\",\"description\":\"Feste feiern!\",\"potentialAction\":[{\"@type\":\"SearchAction\",\"target\":{\"@type\":\"EntryPoint\",\"urlTemplate\":\"https:\/\/www.gh-ortner.com\/?s={search_term_string}\"},\"query-input\":{\"@type\":\"PropertyValueSpecification\",\"valueRequired\":true,\"valueName\":\"search_term_string\"}}],\"inLanguage\":\"de-AT\"}]}<\/script>\n<!-- \/ Yoast SEO plugin. -->","yoast_head_json":{"title":"Gasthaus - Gasthaus Ortner","robots":{"index":"index","follow":"follow","max-snippet":"max-snippet:-1","max-image-preview":"max-image-preview:large","max-video-preview":"max-video-preview:-1"},"canonical":"https:\/\/www.gh-ortner.com\/","og_locale":"de_DE","og_type":"article","og_title":"Gasthaus - Gasthaus Ortner","og_description":"Liebe G\u00e4ste! Unsere R\u00e4umlichkeiten mit Garten k\u00f6nnen Sie nun f\u00fcr private Feiern, Vereinsveranstaltungen, Seminare oder Workshops mieten. Des Weiteren ist es m\u00f6glich, Geschirr, Besteck, Tischw\u00e4sche und Catering-Equipment von uns auszuleihen. Wir freuen uns, Sie auch k\u00fcnftig zu besonderen Anl\u00e4ssen bei uns begr\u00fc\u00dfen zu d\u00fcrfen. Herzlichst Ihre Familie Ortner Kontakt f\u00fcr Anfragen: Andreas Ortner 0660 766 &hellip; \u201eGasthaus\u201c weiterlesen","og_url":"https:\/\/www.gh-ortner.com\/","og_site_name":"Gasthaus Ortner","article_modified_time":"2026-01-07T12:05:14+00:00","twitter_card":"summary_large_image","twitter_misc":{"Gesch\u00e4tzte Lesezeit":"1 Minute"},"schema":{"@context":"https:\/\/schema.org","@graph":[{"@type":"WebPage","@id":"https:\/\/www.gh-ortner.com\/","url":"https:\/\/www.gh-ortner.com\/","name":"Gasthaus - Gasthaus Ortner","isPartOf":{"@id":"https:\/\/www.gh-ortner.com\/#website"},"datePublished":"2022-11-14T15:29:33+00:00","dateModified":"2026-01-07T12:05:14+00:00","breadcrumb":{"@id":"https:\/\/www.gh-ortner.com\/#breadcrumb"},"inLanguage":"de-AT","potentialAction":[{"@type":"ReadAction","target":["https:\/\/www.gh-ortner.com\/"]}]},{"@type":"BreadcrumbList","@id":"https:\/\/www.gh-ortner.com\/#breadcrumb","itemListElement":[{"@type":"ListItem","position":1,"name":"Startseite","item":"https:\/\/www.gh-ortner.com\/"},{"@type":"ListItem","position":2,"name":"Gasthaus"}]},{"@type":"WebSite","@id":"https:\/\/www.gh-ortner.com\/#website","url":"https:\/\/www.gh-ortner.com\/","name":"Gasthaus Ortner","description":"Feste feiern!","potentialAction":[{"@type":"SearchAction","target":{"@type":"EntryPoint","urlTemplate":"https:\/\/www.gh-ortner.com\/?s={search_term_string}"},"query-input":{"@type":"PropertyValueSpecification","valueRequired":true,"valueName":"search_term_string"}}],"inLanguage":"de-AT"}]}},"_links":{"self":[{"href":"https:\/\/www.gh-ortner.com\/index.php\/wp-json\/wp\/v2\/pages\/56","targetHints":{"allow":["GET"]}}],"collection":[{"href":"https:\/\/www.gh-ortner.com\/index.php\/wp-json\/wp\/v2\/pages"}],"about":[{"href":"https:\/\/www.gh-ortner.com\/index.php\/wp-json\/wp\/v2\/types\/page"}],"author":[{"embeddable":true,"href":"https:\/\/www.gh-ortner.com\/index.php\/wp-json\/wp\/v2\/users\/1"}],"replies":[{"embeddable":true,"href":"https:\/\/www.gh-ortner.com\/index.php\/wp-json\/wp\/v2\/comments?post=56"}],"version-history":[{"count":1,"href":"https:\/\/www.gh-ortner.com\/index.php\/wp-json\/wp\/v2\/pages\/56\/revisions"}],"predecessor-version":[{"id":317,"href":"https:\/\/www.gh-ortner.com\/index.php\/wp-json\/wp\/v2\/pages\/56\/revisions\/317"}],"wp:attachment":[{"href":"https:\/\/www.gh-ortner.com\/index.php\/wp-json\/wp\/v2\/media?parent=56"}],"curies":[{"name":"wp","href":"https:\/\/api.w.org\/{rel}","templated":true}]}}